- 4690 + 20*u**2 - 6*u**3. Give n(19).
6
Let d(c) = 11*c - 10. Suppose -58*i = -172*i - 342. Calculate d(i).
-43
Let j(m) = -5*m**2 + 5*m + 5. Let v = 10898 + -10893. What is j(v)?
-95
Let n(s) = 13*s + 0*s**3 + 255*s**2 + 3 - 17 - 103*s**2 - 138*s**2 + s**3. Determine n(-13).
-14
Let x(v) = 15*v - 23 + 7*v**2 + 0*v**3 + 23*v**3 - 24*v**3 + v**2 + 3*v**2. Calculate x(12).
13
Let x(i) = 2*i**3 - i**2 - 2*i - 1. Suppose z = 28 - 10. Suppose z*m + 2 = 19*m. Calculate x(m).
7
Let c(z) = -z**3 + 6*z**2 + 2*z + 18. Let g be -9 - 13/((-182)/224). Determine c(g).
-17
Let f(s) = -95*s + 4*s**2 - 1 - 96*s + 189*s. What is f(-3)?
41
Let c(f) be the third derivative of 7*f**4/12 - 37*f**3/6 - 2625*f**2. What is c(3)?
5
Let r be 33/(-44)*(-4 - (0 + 0)). Let b(s) = 31*s - 101. Let l be b(r). Let z(u) = -u - 12. What is z(l)?
-4
Let o be ((-3)/1 + 2)/(6/78). Let h = -7 - o. Let k(n) = -4 - h + 7 - 3*n. Determine k(-2).
3
Suppose -12*i - 777 + 693 = 0. Let r(y) = -4*y - 20. What is r(i)?
8
Let g(j) = -j**3 + 6*j**2 + 4*j + 7. Let u be g(7). Let b be (11 + -1)/(14/u). Let l(o) = -o**3 - 10*o**2 - 5. What is l(b)?
-5
Suppose 0 = 16*f + 286 + 1186. Let q = f + 80. Let j(d) = d**3 + 13*d**2 + 13*d - 11. Calculate j(q).
-23
Let p(m) = -m**3 - m + 10 - 2*m - 5 + 6 - 2*m**2. Let g(d) = -2*d**3 - 5*d**2 - 7*d + 23. Let y(f) = -2*g(f) + 5*p(f). Suppose 0 = -r - 0*r. Determine y(r).
9
Let m(q) = -2*q**2 - 15*q - 13. Let t be m(-6). Suppose -5*j + 5 = t*d, 8*d - 31 = -3*j + 12*d. Let w(l) = -l + 11. Calculate w(j).
6
Let g(t) = -t**3 + t**2 + t - 1. Suppose -d = -5*p - 9, 0*d + 2*d - 18 = 3*p. Suppose d*k + 14 = -4. Calculate g(k).
9
Let q(k) = -2*k**2 - 2*k - 3. Let o = 11 + -9. Suppose -t = 3*t - 2*g + 4, 0 = g + o. Calculate q(t).
-7
Let s be 22/(27/(-12) + 2). Suppose 12*a - 584 - 496 = 0. Let c = s + a. Let x(m) = -m**3 + m**2 + m - 1. Calculate x(c).
-3
Let m(j) = -103*j - 2. Let w(i) = -730*i - 15. Let a(d) = 50*m(d) - 7*w(d). What is a(-2)?
85
Let a(s) = -5*s**2 - 2*s - 1. Suppose -239 = -108*c - 16 - 7. What is a(c)?
-25
Suppose 0*d + 37*d = 2*d + 35. Let g(c) = -3 + c**2 + 88*c**3 + 4 - 85*c**3 - 2*c. What is g(d)?
3
Let z(d) = 10*d**2 + 5*d - 2. Let m = -1446 + 1448. Give z(m).
48
Let j(k) be the third derivative of -2*k**6/15 + k**5/30 + k**4/12 + k**3/6 - k**2 + 2. Let w(u) = -3*u - 46. Let h be w(-15). Give j(h).
17
Let k(w) = w**2 - 16*w - 6*w + 0*w**2 + 18 + 4*w. Let o be (17/(-2))/((-3)/24*4). Let v be k(o). Let z(q) = 2*q - 1. Calculate z(v).
1
Let f(x) = 15 - x**2 + 2*x**2 - 11*x - 2*x. Suppose 265*t - 306 = 2874. What is f(t)?
3
Let z(u) be the second derivative of -u**4/12 - 12*u. Let o(s) = s**3 - 2*s**2 - 5*s - 3. Let k be o(4). Suppose 1 - k = -2*v. Determine z(v).
-16
Let g(d) = -2*d**3 - d**2 - d - 4. Let w be 95/190*(-6 + 2). Calculate g(w).
10
Let l be (-2)/(-9) - (-77)/99. Let d be l/(-3) - (-22)/66. Let j(x) = -3*x - 19. Let c(s) = 2*s + 10. Let z(r) = 5*c(r) + 3*j(r). Determine z(d).
-7
Let r(s) = s**2 + 236. Let x(p) = 3*p**2 + p + 642. Let q(g) = -11*r(g) + 4*x(g). Determine q(5).
17
Let z(v) = v**2 - 11*v + 1. Suppose 5*f + 241*g - 62 = 238*g, 2*f - 4*g = 56. What is z(f)?
81
Let a(i) be the first derivative of -2*i**3/3 - 7*i**2/2 + 7*i + 3624. Suppose 3*h - 4 = -22. Determine a(h).
-23
Let s(z) = -4 + 6*z + z + 2*z - 8*z. Give s(1).
-3
Let r(c) = -c**2 - 42*c - 223. Let o be r(-6). Let k(b) = b**2 + 5*b - 21. Determine k(o).
-7
Let p = -50441 - -50441. Let f(i) = -1. Let c(z) = -z - 11. Let d(s) = -c(s) - 3*f(s). Determine d(p).
14
Let q(x) = -2515*x**2 + 4*x + 1249*x**2 + 1270*x**2. Give q(-6).
120
Let f(t) = -40*t + 50. Let q(u) = 14*u - 17. Let b(s) = -4*f(s) - 11*q(s). Let w(p) = -3*p + 6. Let i(l) = -3*b(l) - 5*w(l). What is i(5)?
-6
Let x(k) = 591*k - 5. Let p(c) = -345*c + 3. Let a(u) = 12*p(u) + 7*x(u). What is a(2)?
-5
Let c(q) = 4*q - 18803 + 18718 - 6*q. Determine c(-37).
-11
Let g(a) = -4*a**2 - 57*a + 20. Let u(d) = 20*d. Let m(r) = -g(r) - 6*u(r). What is m(16)?
-4
Let r(k) = -6*k**3 + k**2 - 3*k + 2. Let a(x) = -7*x**3 - 3*x + 3. Suppose 0 = 3*l - 5*z - 20, 3*l + 12 = 2*z + 29. Let t(j) = l*a(j) - 6*r(j). Determine t(5).
-7
Let u(r) be the third derivative of -r**4/24 + r**3/3 + 2*r**2 - r. Suppose 0 = 2*m - 12. Determine u(m).
-4
Let f(t) be the third derivative of -t**5/60 + 5*t**4/6 - t**3 - 273*t**2 + 3*t + 1. What is f(18)?
30
Suppose -269*o - 442 = -970 - 1624. Let a(k) be the first derivative of k**2/2 - 9*k - 3. Give a(o).
-1
Let r(o) = o**3 - 6*o**2 - 3*o + 1. Let v(d) = -2*d**3 + 6*d**2 + 3*d - 2. Let u(g) = 3*r(g) + 2*v(g). Let m = -219800 - -219795. Determine u(m).
-11
Let j = 17 - -6. Suppose 0 = -5*z - 2*n + 38, 3*z + 4*n - j = 11. Let v(q) = 9*q + 2867. Let m(b) = 2*b + 614. Let f(y) = -14*m(y) + 3*v(y). Give f(z).
-1
Let r(g) = 5 - 2 - 3*g - 29*g**2 + 0 + 23*g**2 - 2*g**3. Let i(z) = 2*z**3 - 65*z**2 - 34*z + 29. Let x be i(33). Give r(x).
47
Let s be 38 + -3*(3 - 2). Let r = 39 - s. Let q(v) = r + 3*v + 0*v - 7*v + 1. Determine q(4).
-11
Let h(m) = 47*m - 294. Let a be h(6). Let f(j) = j**3 + 13*j**2 + 13*j + 3. Give f(a).
-9
Let h(r) = 31*r + 157. Let p(d) = 2*d + 14. Let b(q) = h(q) - 6*p(q). Give b(-4).
-3
Suppose -4*t = -s + 13, -t + 24 = -2*s - 3*t. Let p(c) = -c**2 - 10*c - 36. What is p(s)?
-15
Suppose 5*m + 3 = 4*l + 10, -4*m - 13 = 3*l. Let g(o) = -o**3 - 3*o**2 + 5*o + 20. Calculate g(l).
5
Let x(p) = p**3 - 7*p**2 - 9*p - 15. Let d = 7675 - 7667. Give x(d).
-23
Let h(o) = -o**2 - 8*o - 9. Suppose 6*q - 34*q + 420 = 0. Suppose 10 = -2*t + 4*d, 0 = 3*t - d - 2*d + q. Determine h(t).
6
Let a = -74 + 73. Let x be 1*-1*(-1 - (a + 2)). Let l(o) = 112*o - 5*o**2 - 109*o - o**x + 5*o**2 - o**3 + 2. Determine l(-2).
0
Let o = -136 - -59. Let v = 90 + o. Let u(h) = v*h**3 + 4*h**2 - 31*h**3 + 4*h + 1 + 19*h**3 - 7*h**2. Calculate u(3).
13
Let n(s) = 0*s - 25 - 16 + 7 - 3*s + 29. Determine n(5).
-20
Let t(s) be the first derivative of 9*s**2/2 + 73*s - 2388. Give t(-11).
-26
Suppose 30 = -111*k + 113*k. Let m(y) = -12*y + 186. Calculate m(k).
6
Let l(f) = f**2 + 4*f - 13. Let d = -15384 - -15379. Calculate l(d).
-8
Let c = 5075 - 5069. Let s(l) = -13*l + 69. Determine s(c).
-9
Let w be (-3154)/332 + 2 + (-1)/(-2). Let t(p) = 3*p - 35. What is t(w)?
-56
Let h(g) = g - 1. Let v be h(3). Let f be (v/4)/(3/(-18)). Let o(q) = -45*q - 5. Let c(i) = -113*i - 12. Let p(t) = -2*c(t) + 5*o(t). Give p(f).
-4
Let s(v) = v + 24. Let g = -3060 + 3064. Give s(g).
28
Let v be -18*(-1)/10*-5*-1. Let x(p) = -16 - v*p**2 - 3 + p**3 + 16*p + 9. Calculate x(7).
4
Suppose -28 = -4*o, -3*q + 710 - 766 = -5*o. Let n(k) = 84*k + 587. What is n(q)?
-1
Let r(i) = -33*i + 373. Let g(x) = 25*x - 282. Let c(n) = -9*g(n) - 7*r(n). Determine c(15).
17
Let o(a) = -149*a + 3. Let w(j) = -119*j + 1. Let t(c) = -4*o(c) + 5*w(c). Let x(y) = -5*y + 4*y - 2*y - 6. Let m be x(-4). Determine t(m).
-1
Let f = 120 + -60. Let q = f - 57. Let i(u) = -4 + q*u - 4*u**2 - 10*u + 3*u**2 + 10*u. Calculate i(3).
-4
Let i = -121 - -146. Suppose 0 = -17*k + i*k + 56. Let h(b) = b**2 + 7*b + 10. Give h(k).
10
Let i(n) = -n - 15. Suppose -10 - 1 = f - 2*z, 18 = -2*f + 3*z. Let k be (110/50 + f)/(2/40). Determine i(k).
1
Let i = -186 - -195. Let q(m) = 17 - i - 7 + 2*m - 4. Calculate q(3).
3
Let q(i) = i**3 + 10*i**2 + 9*i + 91. Let d be q(-10). Let f(p) = 22*p**2 - 4*p + 5. Determine f(d).
23
Let p = -88 + 95. Let i(r) = -14 + 17*r**2 + 5 + 1 + r + p. Calculate i(1).
17
Let v = 4584 - 4581. Let g be 6/4*2/3. Suppose a = -v - g. Let t(k) = -k**3 - 3*k**2 + 5*k - 1. What is t(a)?
-5
Suppose -1 = 22*o + 21. Let u(g) be the second derivative of -g**4/2 + g**2/2 - g - 2. Give u(o).
-5
Let q be 5/((-50)/12)*5. Let p(m) = -5*m**3 - 20*m**2 - 19. Let u(i) = -6*i**3 - 22*i**2 - 21. Let d(n) = q*u(n) + 7*p(n). Calculate d(8).
-7
Let p(f) = 5*f**2 - 2*f - 10. Suppose -l = -2*l + 13. Let c(y) = -11*y**2 + 3*y + 19. Let o(g) = l*p(g) + 6*c(g). Let b be o(-6). Let q(u) = -u - 2. Give q(b).
2
Let t(j) = -j**3 + 8*j**2 + 9*j + 3. Suppose 2*s - 3*g = 6, 0 = -s + 9*g - 6*g + 6. Let u be (18 - s)*9/18. Determine t(u).
3
Let r(j) be the second derivative of 2*j**3/3 - 49*j**2/2 - 2*j - 12. What is r(16)?
15
Let w(n) = n**3 - 14*n**2 + 12*n + 10. Let i be w(13). Let v = i 